divided by o.
2
Let b(r) = -r + 1. Let f be b(4). Let u(o) = -6*o - 4. Calculate the remainder when u(f) is divided by 8.
6
Suppose 4 = d, -2*d + 8 = c - 3*c. Suppose c*w - 68 = -4*w. Calculate the remainder when w is divided by 9.
8
Suppose 0 = -0*n + 2*n. Suppose -5*f + 5*g = -12 - 3, n = -f - 3*g + 19. Suppose 0*v + 36 = 3*v. What is the remainder when v is divided by f?
5
Let x(c) = c**2 - 7*c - 1. Let r be x(7). Calculate the remainder when 12 is divided by (4 - -1) + (r - -1).
2
Let f be 5 + -3 - (-2)/(-2). What is the remainder when (9 - f)*86/8 is divided by 22?
20
Let h = 31 + -2. What is the remainder when h is divided by 4/(-10) + 385/25?
14
Let d(k) = k**3 + 3*k**2 - 2*k - 3. Let g be d(-3). Suppose -2*y + 105 = g*y. Let c = -9 + y. Calculate the remainder when c is divided by 7.
5
Suppose 0 = 5*t - 3*o - o - 138, 18 = t - 4*o. What is the remainder when 79 is divided by t?
19
Suppose -2*f = 2*f - 168. What is the remainder when f is divided by 11?
9
Let g(l) = l + 2. Let u be g(-3). What is the remainder when 28 is divided by ((-6)/10)/(u/25)?
13
Suppose 0*o - 24 = -o. Let i be 227 + -7 + -4 + 1. Suppose -i = -3*f - 2*h, f + h = -37 + 110. Calculate the remainder when f is divided by o.
23
Suppose 0*u + 2*u = 4. Suppose -9*i = -u*i - 77. Calculate the remainder when 43 is divided by i.
10
Let h(q) = q**3 + q**2 - q + 14. Let l(f) = -10*f. Calculate the remainder when l(-4) is divided by h(0).
12
Let v = -10 - -30. Suppose -3*q + 19 = 2*p, 2*q = -4*p - 3*q + 39. Calculate the remainder when v is divided by p.
9
Suppose -t + 3*g - 19 + 69 = 0, -5*g + 5 = 0. What is the remainder when t is divided by (-28)/((-1 - -2) + -2)?
25
What is the remainder when 9/(-15)*(-15*2 - 0) is divided by 4?
2
Suppose g - 21 = 3. What is the remainder when 95 is divided by g?
23
Suppose 3*z = 5*o + 1 - 25, 0 = o + z. Suppose a + 0 = -o*q + 11, 3*q + 14 = 4*a. Let v = q + 0. Calculate the remainder when 4 is divided by v.
0
Calculate the remainder when (-435)/(-9) - 3/(-9)*2 is divided by 10.
9
Let x(k) = -k**2 + 9*k + 2. What is the remainder when 28 is divided by x(8)?
8
Let o = 176 - 106. What is the remainder when o is divided by (-9)/(-66)*4 - (-1152)/66?
16
Let v be 4/(-10) - 60/(-25). Suppose -v*x + 13 - 5 = 0. Calculate the remainder when x is divided by 3.
1
Suppose -72 = 2*j - 6*j. Let c(o) = -14*o + 1. Let l(r) = -15*r + 1. Let x(f) = -4*c(f) + 3*l(f). What is the remainder when j is divided by x(1)?
8
Let l = 32 + -19. What is the remainder when 37 is divided by l?
11
Let s(j) = -j + 18. Calculate the remainder when 32 is divided by s(0).
14
Let h = 75 - 26. Calculate the remainder when h is divided by 26.
23
Suppose -3*o + 2*d = -214, 2*o + 7*d - 10*d - 146 = 0. Calculate the remainder when o is divided by 8.
6
Calculate the remainder when 26 is divided by ((-216)/(-48))/(2/(-8)*-2).
8
Suppose -7*u + 98 = -8*u. Let r = 147 + u. Calculate the remainder when r is divided by 13.
10
Suppose 7*f = 3*f + 44. Let b = 40 + -5. Suppose 2*m - 27 = b. What is the remainder when m is divided by f?
9
Suppose -2*c - 26 = 6. Let g = -8 - c. What is the remainder when g is divided by 2/(-5) + (-34)/(-10)?
2
Let t(k) = 2*k**2 - 5*k - 5. Suppose 3*u + 8 = -4. Calculate the remainder when t(u) is divided by 12.
11
Suppose 8 = 3*g - g. Suppose g - 2 = r. Let i = 16 + -11. What is the remainder when i is divided by r?
1
Let y(l) = l**3 + 30*l**2 - 66*l - 41. Let p = 99 + -56. Calculate the remainder when p is divided by y(-32).
20
Suppose -22 = -p - 5*d, -4*d - 8 = -2*p + 92. Calculate the remainder when p is divided by 22.
20
Let c = 16 + -13. Suppose 0 = -4*v - c*j + 8 + 80, 2*v = -4*j + 54. Suppose 4*b - 23 = h, -h = 4*b + 6 - 39. Calculate the remainder when v is divided by b.
5
Suppose -3*u - 248 = -5*u. Let m = u + -84. Calculate the remainder when m is divided by 14.
12
Let j = -66 - -94. Calculate the remainder when j is divided by 17.
11
Let w = -10 - -25. Calculate the remainder when 44 is divided by w.
14
Let z = -4 + 14. Calculate the remainder when (z/8)/(3/84) is divided by (-74)/(-6) - (-2)/(-6).
11
Suppose -2*n + 5*x + 28 = -0*n, 4*n + x = 12. Suppose -6 = -n*s + 10. Suppose s*b = 3*b + 12. What is the remainder when 22 is divided by b?
10
Let y be (-1)/(3/(0 + -3)). Calculate the remainder when 17/6 + y/6 is divided by -1 - -3 - (1 - 1).
1
Let o = -18 - -39. Suppose -7*i + 434 = -0*i. What is the remainder when i is divided by o?
20
Let k(c) = -c**3 - c + 38. Let j = 33 - 20. What is the remainder when k(0) is divided by j?
12
Let o(p) = 3*p - 6. Let q be o(5). Let g(m) = -m**2 + 9*m + 4. Let s be g(q). Suppose -2*n - s = -28. What is the remainder when 34 is divided by n?
10
Suppose -11*p = -2*p - 747. Calculate the remainder when p is divided by 17.
15
Let d = 68 + -47. Suppose -5*y - v - 4*v + 30 = 0, 4*y - d = -5*v. What is the remainder when 33 is divided by y?
6
Let p(z) = -5*z - 6. Let n be p(-4). Let c = n - -12. What is the remainder when 49 is divided by c?
23
Let a = -40 + 54. What is the remainder when 27 is divided by a?
13
Suppose -7*r + 13 = -57. Calculate the remainder when 23 is divided by r.
3
Suppose -8 - 20 = -2*a. What is the remainder when 26 is divided by a?
12
Let d be (-2)/(-3 - 4*-1). What is the remainder when 94 is divided by (d + 28/8)*16?
22
Let x = -2 - -21. Let c(w) = -w**2 - 13*w - 5. Calculate the remainder when c(-6) is divided by x.
18
Suppose 0 = -r + 6 - 3. Suppose 0 = r*z + 2*k - 49, k = -0*z + 4*z - 58. Calculate the remainder when 27 is divided by z.
12
Suppose 0 = 5*r + 10, -2*w = 2*w - 2*r - 92. What is the remainder when w is divided by 2*(-22)/(-4) + 1?
10
Let r(h) = -5*h - 11. Let c be r(-7). Suppose 0 = 5*t + 5*j - 41 - c, -20 = -4*j. Calculate the remainder when 13 is divided by t.
5
Let p(v) = 2*v - 6 - v**3 - 3*v**2 + 6. Let h be p(-3). What is the remainder when 11 is divided by (-20)/h + 8/12?
3
Suppose 6*y = 2*y + 16. Calculate the remainder when 13 is divided by y.
1
Suppose -5 = -5*l + 85. Calculate the remainder when 81 is divided by l.
9
What is the remainder when (-8)/(-14) - 206/(-7) is divided by 16?
14
Suppose 0 = 3*k + m - 90, 8 = 2*m + 2. What is the remainder when 144 is divided by k?
28
Suppose 2*z + 0*z - 28 = 0. Calculate the remainder when 25 is divided by z.
11
Let g(x) = -4*x**2 - x. Let i(q) = -q - 1. Let u(o) = -g(o) - 3*i(o). What is the remainder when (-56 - 6)/(-1*2) is divided by u(-2)?
9
Let d = 34 - 19. What is the remainder when d is divided by 8?
7
Let t be (-1)/((-10)/(-296))*5. Let a = -78 - t. Calculate the remainder when a is divided by 24.
22
Let p(k) = 20*k - 25. Let a be p(10). Suppose 2*l - 40 = -0*g - g, 4*g + 5*l = a. What is the remainder when g is divided by 13?
11
Let w(l) = l**3 + 11*l**2 + l + 23. Suppose 4*d + n = 84, -52 = 2*d - 4*d + 2*n. What is the remainder when d is divided by w(-11)?
10
Suppose 0 = -u - 5*g - 5, u - 2*g + 0*g = 23. What is the remainder when 57 is divided by u?
12
Let x be 5/((-10)/48)*-1. Suppose -u - 3 = 0, -u - x = -z - 6. What is the remainder when 44 is divided by z?
14
Let y = -2 + 6. Let d(l) = l**3 - l**2 - 6*l + 6. What is the remainder when d(y) is divided by 16?
14
Suppose -18*g + 225 = -13*g. What is the remainder when g is divided by 23?
22
Suppose 4*m + 33 = -5*p + 115, 3*m + p - 67 = 0. What is the remainder when 112 is divided by m?
20
Calculate the remainder when 12/5 - (-2)/(-5) is divided by 1 + (-4)/12*-3.
0
Suppose -3 = w + 2*a, -w = 2*w - 5*a - 2. Calculate the remainder when 19 is divided by ((-23 - -1)/2)/w.
8
Suppose -16 = -2*t + 2*w, 6*w - 2*w - 59 = -3*t. Suppose -3*n = -5*q + 5 - 16, -4*q = -3*n + 13. Calculate the remainder when t is divided by n.
6
Let f be (-2 - (-1 + 0)) + -3. Calculate the remainder when f/(-12) + 122/3 is divided by 21.
20
Suppose -3*f + 3*r = -51, -16 = 3*r - 4. Suppose 0 = -13*y + 3*y + 370. Calculate the remainder when y is divided by f.
11
Suppose 0 = 4*r + 64. Let d = -11 + 17. What is the remainder when (-138)/(-8) + 4/r is divided by d?
5
Suppose 4*l = l + 27. Let n = 29 + -23. Calculate the remainder when l is divided by n.
3
Let y(u) = -5*u - 2. What is the remainder when 35 is divided by y(-4)?
17
Let p = 683 + -682. Calculate the remainder when p is divided by 